235 divide 4054455?
True
Is 6008 a factor of 756713608?
True
Is 721 a factor of 1587010?
False
Is 365 a factor of 16862107?
False
Is 17 a factor of 250299619?
True
Is 36644267 a multiple of 61?
False
Is 1050 a factor of 144993954?
False
Does 3927 divide 361753555?
False
Is 25476280 a multiple of 733?
False
Is 978 a factor of 880851555?
False
Is 205743140 a multiple of 7?
False
Is 1261921758 a multiple of 1022?
False
Is 487491026 a multiple of 11?
True
Is 4921622 a multiple of 326?
True
Does 2626 divide 31467358?
True
Does 981 divide 289831464?
False
Is 19490235 a multiple of 1014?
False
Does 467 divide 1324412?
True
Does 2456 divide 378381184?
True
Is 16 a factor of 30330238?
False
Is 7586668 a multiple of 953?
False
Does 255 divide 94939125?
False
Is 13138578 a multiple of 143?
False
Is 1178 a factor of 33638087?
False
Does 309 divide 2707642473?
True
Is 83 a factor of 155035036?
True
Is 24901965 a multiple of 197?
False
Is 16 a factor of 257569424?
True
Does 1160 divide 4664953382?
False
Is 6 a factor of 2801343?
False
Is 78 a factor of 61320636?
True
Is 714612780 a multiple of 116?
True
Is 11 a factor of 48316241?
False
Is 102 a factor of 124894606?
False
Is 4775719403 a multiple of 91?
True
Is 463082380 a multiple of 340?
True
Is 48714484 a multiple of 14?
True
Is 55 a factor of 9134106?
False
Is 231920893 a multiple of 518?
False
Is 147 a factor of 517449114?
True
Does 937 divide 53419483?
False
Does 84 divide 162271452?
True
Is 84796818 a multiple of 291?
True
Does 4044 divide 102332603?
False
Is 58016256 a multiple of 98?
False
Is 47015593 a multiple of 137?
False
Is 10788725 a multiple of 951?
False
Is 270 a factor of 346784490?
True
Is 79616136 a multiple of 232?
True
Is 206 a factor of 187378424?
True
Is 249 a factor of 57461730?
True
Does 9 divide 10301697?
True
Is 115 a factor of 22059645?
True
Is 760 a factor of 2754150320?
True
Is 753390 a multiple of 30?
True
Is 5 a factor of 23100496?
False
Is 3671 a factor of 518117598?
True
Is 2233072 a multiple of 63?
False
Is 7723776 a multiple of 452?
True
Does 8 divide 19813342?
False
Is 763 a factor of 125353451?
False
Is 375 a factor of 116395125?
True
Is 14937615 a multiple of 9?
True
Is 221503960 a multiple of 424?
True
Is 48091364 a multiple of 428?
True
Does 7 divide 203876127?
True
Is 2178 a factor of 251813826?
True
Is 16386505 a multiple of 2792?
False
Does 1907 divide 114847168?
True
Does 102 divide 37038706?
False
Does 22 divide 416104502?
True
Is 4 a factor of 4726082?
False
Is 4407354 a multiple of 126?
True
Is 2511866500 a multiple of 4750?
True
Is 179 a factor of 179528861?
False
Is 44640951 a multiple of 27?
False
Is 475 a factor of 38028975?
True
Is 170 a factor of 10181130?
True
Is 11 a factor of 766297?
False
Does 608 divide 13756608?
True
Is 6 a factor of 8865919?
False
Is 4 a factor of 4637144?
True
Does 2779 divide 55746740?
True
Is 12 a factor of 200624892?
True
Does 688 divide 2827653168?
True
Is 58 a factor of 202666?
False
Is 32856902 a multiple of 250?
False
Is 29061028 even?
True
Does 61 divide 939951566?
False
Is 19 a factor of 4687196?
False
Is 332228888 a multiple of 728?
False
Does 3960 divide 126329988?
False
Does 13 divide 390321010?
False
Is 62729008 a multiple of 16?
True
Is 309 a factor of 109884417?
True
Does 121 divide 502125558?
True
Is 11714289 a multiple of 145?
False
Is 24675230 a multiple of 7?
False
Does 6657 divide 112902720?
True
Is 200316195 a multiple of 261?
True
Does 18 divide 157302648?
True
Does 9 divide 55265776?
False
Is 5917299781 a multiple of 191?
False
Is 25 a factor of 4017129825?
True
Is 10446081 a multiple of 219?
True
Does 419 divide 63110199?
True
Is 204 a factor of 79419735?
False
Is 839 a factor of 155721605?
False
Does 413 divide 428365427?
False
Is 4674 a factor of 1541167368?
True
Does 692 divide 5145712?
True
Is 528622080 a multiple of 80?
True
Is 135 a factor of 11221675?
False
Is 457 a factor of 12515851?
False
Does 13 divide 70180417?
False
Is 121 a factor of 2960628?
True
Does 21 divide 5732664?
True
Is 22 a factor of 37730264?
True
Does 778 divide 165202464?
False
Is 156280226 a multiple of 298?
False
Is 1830116 a multiple of 31?
True
Does 2672 divide 41405651?
False
Is 1309 a factor of 184504859?
True
Does 41 divide 136193226?
True
Is 36 a factor of 213308568?
True
Is 326439891 a multiple of 28?
False
Is 20 a factor of 46896840?
True
Is 17934830 a multiple of 85?
True
Is 937 a factor of 518497383?
True
Is 119 a factor of 50473136?
True
Does 14 divide 56640201?
False
Is 43 a factor of 5037364?
True
Is 65879221 a multiple of 3?
False
Is 28972788 a multiple of 50?
False
Is 2648522 a multiple of 10?
False
Is 16405072 a multiple of 184?
True
Is 34002858 a multiple of 554?
True
Does 120 divide 175403929?
False
Does 82 divide 31695509?
False
Does 56 divide 7225648467?
False
Is 56 a factor of 867251056?
True
Does 3 divide 11826150?
True
Is 953 a factor of 82503256?
False
Is 79373932 a multiple of 34?
False
Is 385 a factor of 3308015653?
False
Is 268523965 a multiple of 23?
True
Does 211 divide 811846556?
False
Is 3 a factor of 2276788?
False
Is 15208667 a multiple of 9?
False
Is 122 a factor of 28612294?
True
Does 3403 divide 90944480?
False
Does 528 divide 184336416?
True
Is 8024490 a multiple of 15?
True
Is 1055544 a multiple of 42?
True
Is 893 a factor of 367969880?
False
Is 13057 a factor of 169780171?
True
Does 7 divide 4737709?
False
Is 86542200 a multiple of 50?
True
Is 6280 a factor of 1450209487?
False
Is 1138584486 a multiple of 62?
False
Does 66 divide 237279525?
False
Is 287429186 a multiple of 288?
False
Does 1431 divide 13757634?
True
Is 32271243 a multiple of 26?
False
Is 30 a factor of 786126240?
True
Is 20 a factor of 91129539?
False
Is 4 a factor of 15991360?
True
Does 216 divide 77469380?
False
Is 980518544 a multiple of 8?
True
Is 35800977 a multiple of 288?
False
Is 705 a factor of 53428834?
False
Does 16 divide 42226468?
False
Is 5 a factor of 1117019146?
False
Does 276 divide 538036332?
True
Does 12 divide 109559196?
True
Is 95538656 a multiple of 9?
False
Is 895 a factor of 38342184?
False
Does 24 divide 69819984?
True
Is 15668412 a multiple of 6?
True
Does 53 divide 830413646?
True
Is 570624664 a multiple of 184?
True
Is 34770952 a multiple of 8?
True
Is 194946342 a multiple of 411?
True
Does 350 divide 43747475?
False
Is 181 a factor of 24756275?
True
Does 757 divide 68699264?
True
Does 91 divide 15874570?
False
Is 48 a factor of 29464804?
False
Is 40964919 a multiple of 15?
False
Is 565220486 a multiple of 49?
False
Is 5773 a factor of 366579911?
False
Is 60 a factor of 34157460?
True
Does 193 divide 189364652?
True
Is 269085768 a multiple of 12?
True
Is 23887448 a multiple of 1768?
True
Is 4 a factor of 115107746?
False
Is 5 a factor of 1460274001?
False
Is 30015668 a multiple of 40?
False
Is 7458920 a multiple of 85?
True
Is 991283280 a multiple of 1560?
True
Does 644 divide 34715464?
True
Is 192 a factor of 110670528?
True
Does 256 divide 7909888?
True
Is 135942417 a multiple of 411?
False
Does 336 divide 10963008?
True
Is 15 a factor of 32072034?
False
Is 647510631 a multiple of 9?
False
Does 60 divide 986160?
True
Is 1522414075 a multiple of 175?
True
Does 547 divide 383995641?
True
Is 329413303 a multiple of 841?
False
Does 23 divide 16055955?
True
Is 106224208 a multiple of 125?
False
Does 201 divide 110602210?
False
Does 80 divide 140760640?
True
Does 96 divide 595430718?
False
Does 161 divide 2380671859?
False
Does 408 divide 1809963665?
False
Does 20 divide 2087477040?
True
Is 318 a factor of 13439662?
False
Is 92205366 a multiple of 22?
True
Does 53 divide 16321836?
False
Is 390 a factor of 126706301?
False
Is 351 a factor of 10235862?
True
Does 458 divide 571285588?
False
Is 4724 a factor of 459612338?
False
Is 464 a factor of 4103626208?
True
Is 58756788 a multiple of 197?
False
Does 147 divide 56275863?
True
Is 557878430 a multiple of 716?
False
Is 350 a factor of 57030050?
True
Is 3106880 a multiple of 95?
True
Does 623 divide 48164753?
True
Does 909 divide 29655913?
False
Is 258139154 a multiple of 1980?
False
Is 5486716966 a multiple of 38?
False
Does 7 divide 365801553?
False
Does 6 divide 195215220?
True
Is 51340788 a multiple of 36?
True
Is 40 a factor of 45400960?
True
